-5 + -12 - 3) + 87 - -9) + 2.
85
What is (-23 - -5) + -7 + 14 - -21?
10
Evaluate 318 + -238 - ((1 - -13) + 2).
64
29 + (27 - 78) + -13 - 54
-89
Evaluate 4375 + -4379 - (2 + -9 - (-3 + 1)).
1
Calculate 99 - (4 - (-41 - 35)).
19
Evaluate (-59 - -27) + 7 - (-17 - -7).
-15
41 + (-104 + 0 - -51)
-12
Evaluate 53 + (24 - (3 + 33)) + 13.
54
What is the value of -32 + 9 + 16 + 42 + -1?
34
(-59 - 8) + -1 + (-4 - (-16 + 9 + -3))
-62
Evaluate 84 + -67 + -106 - -119.
30
Evaluate (2 - -9) + -6 + -8 + (-5 - (1 - 5)).
-4
Calculate (-3 + 25 - 36 - -30) + -96 + -3.
-83
Evaluate 5 + -10 + (38 - 49) + (-65 - (2 - 7)).
-76
24 + -2 + -7 + -93 + 70
-8
Evaluate (-100 - (2 + 0 + -2)) + (-13308 - -13319).
-89
Evaluate 2 + -25 + (-452 - -462) - 43.
-56
What is -40 + -2 + 19 + (12 - 30)?
-41
What is the value of 12 + -3 + 106 + (47 - 177)?
-15
Calculate -2 + -41 - ((-26 - -46) + -26 + 7).
-44
(108 - 70) + -53 - (1 - -2)
-18
Calculate -2 + 4 - (9 - (-17 - -12)) - -28.
16
Calculate (-447 - (-438 + -18)) + (-2 - -1 - 99).
-91
Evaluate (12 - -1) + 11 + 4 + -38.
-10
What is (46 - (40 + -24) - 46) + 49?
33
What is the value of 52 + -115 + 32 + 48?
17
Calculate (11 + -10 - -9) + (-38 - -19) - (26 + 2).
-37
What is (-30 - -13 - 30 - -72) + (-2 - -1)?
24
Evaluate 37 + 19 - (-20 + 15 + 27).
34
What is the value of 36 - (39 + -32 - -20)?
9
What is 6 - (31 + 4 + -4 + -4 + -5 + 8)?
-24
What is 67 - -1 - (-588 + 578)?
78
What is the value of -30 - (88 - 51) - (-2 - 13)?
-52
Calculate (-6 - -1 - -3) + -10 + 7 + -29 + 76.
42
What is 138 - (315 + -134) - 10?
-53
Calculate -14 - (0 + 1 + 6 + -20).
-1
Evaluate 93 + -80 + -23 - (0 + -2 - -43).
-51
25 + -23 - (-3 + 18) - (-55 - -34)
8
Calculate -30 - (-5 + 0 + -4).
-21
What is -192 + -153 + (319 - 103)?
-129
What is the value of 18 + -10 + 8 - (17 + -34) - (1 - 1)?
33
Evaluate 5987 + -6006 - (3 + (0 - -1)).
-23
(-129 - -74) + 102 - 112
-65
What is 3 + (2 - 1) - (-91 + -23 + 108)?
10
-2 - -7 - (-1774 - -1793)
-14
Evaluate -6 + (22 - (6 + 0)) - (38 + -17).
-11
Calculate 2 - (9 + -10 + -13 + 11) - 71.
-66
(86 + (-27 - -33) - 80) + (-11 - 1)
0
What is -161 + 165 + (22 - 1) + -15?
10
Calculate 3 + 7 + 210 + -181.
39
Evaluate 156 + -165 + (4 - (-28 - (-7 - -1))).
17
Evaluate (3 + -18 - -8) + -33.
-40
0 + -36 + (-4227 - -4354)
91
What is 4 + (-8 - (20 - 11 - (3 - 14)))?
-24
-10 - -4 - (2 + -40 + 26 + 24)
-18
What is the value of -102 + 114 + (16 - (-10 + 6))?
32
What is -109 + (124 - -29) - -60?
104
What is -194 + 82 + 78 + -34?
-68
Evaluate 26 + 22 - (17 + 0).
31
(8 + 5 - (3 - (77 - 13))) + -11
63
Calculate (0 - (-7 + -2)) + (18 - 0) + -898 + 906.
35
Calculate -55 + (2 - 20 - -33 - (6 + -4)).
-42
Evaluate 141 + (14311 + -14326 - (4 + (0 - 2) - 5)).
129
What is the value of 155 + (150 - 338) - (0 + -26)?
-7
Calculate -120 + -58 + (-40 - -118).
-100
What is -32 + (36 - 110) + 135?
29
Evaluate (-7 - -1) + (-13 - (-44 + 23) - 5).
-3
Calculate 1 + -71 + (-2658 - -2749).
21
Calculate -10 + (-115 - -29) - -65.
-31
What is 0 + (1 - -98) + (-39 - -28) - -17?
105
-16 + (-58 + 31 - -68)
25
1 - (11 + 9 + -14 + 13 + -1)
-17
-74 + (83 - (57 + -32))
-16
(41 - 38) + 37 + -16
24
What is 13 - (-12 + 12 + 11 - 2 - 21)?
25
Calculate (-8 - 37) + 57 - (1 + 48).
-37
Calculate 36 + (-27 - 5) - -17.
21
What is (45 - 4) + -536 + 509?
14
What is -2816 - -2834 - (63 + (1 - -1)) - -22?
-25
739 + -737 + (-2 - 60)
-60
Calculate (-19 - (5 - -14)) + 21 - -39.
22
Evaluate -1 + 91 + (-1815 - -1624).
-101
Evaluate 87 - (16 + 32 + -1 + -66).
106
What is 1 + 1 + (-61 - -65) + (-50 - 2)?
-46
-4 + (-5 - -9) + (7 - 6) + -25
-24
Calculate (-17 - ((1 - (3 - 0)) + 1)) + (1285 - 1281).
-12
Evaluate -8 - (-8 - 10) - (14 + (30 - 23)).
-11
Evaluate -83 + 148 - (80 - -31).
-46
What is 100 + -93 + 42 - (17 - 0)?
32
Calculate 17 - 5 - (23 - 20).
9
Evaluate (-38 + 24 - 26) + 25 - -12 - (0 + 70).
-73
What is the value of -15 + -71 + 142 - 26?
30
What is the value of -9 - (-58 + 6 + -9 + 0 + (-6 - -10))?
48
What is 9 - (-23 + (20 + -20 - -6) - 98)?
124
What is the value of 23 + (-31 - -52 - 49) - 61?
-66
-74 + ((2 - (-28 - -22)) + (-1 - -2) - 1)
-66
What is the value of (-8 - (-2 - (6 + -9 - 6))) + -123 + 127?
-11
Calculate 35 + -68 + -59 + 46.
-46
Evaluate -6 - (-31 - -16 - (-19 + 24)).
14
-85 - (-12 + 5 - (-5 - 0) - (-43 + 55))
-71
Calculate -30 + 61 + (3 - 37).
-3
Evaluate (-8 - 1 - (-8 + -54)) + (-1 - 9) + 7.
50
Calculate -16 + 8 + (-11 - -16) - (2 - 20).
15
Evaluate 29 + -24 - ((1 - 2) + 0 + 2 + 6).
-2
Evaluate 3 + 75 - (2928 - 2766).
-84
What is the value of -8 + -16 + (-57 + 38 - 30)?
-73
What is -18 - (-50 - (-53 - -24)) - -60?
63
Evaluate -31 + (64 + -31 - -25 - 24).
3
6 + (-16 - -13) - (10 - (0 + 4)) - -33
30
Evaluate 19 - (29 - 9) - 0 - 7.
-8
Calculate -11 + 9 + (60 + -71 - (0 - 2)) + 83.
72
Evaluate 124 + (-29 - 5) - 36.
54
What is -1732 + 1763 - (0 + 31) - -46?
46
Calculate 1 + 3 + 6 + (13 - (-3 - -4) - 9).
13
Evaluate (57 - -4) + 8 - (-20 - -37).
52
Calculate -131 + 120 + -28 + -2 + 14.
-27
What is the value of ((-2 - 21) + 24 - 49) + -13?
-61
Calculate (-370 - -130) + 246 - (2 - -2 - (3 - 5)).
0
Evaluate 22 + -58 + 37 + -52.
-51
Evaluate -11 - -1 - (-9 - ((-9 - 7) + 7 + 34)).
24
Evaluate -7 - ((14 - 33) + (132 - (12 + 14))).
-94
Evaluate -49 + 50 + -72 + (9 - (-3 + 2)) - 1.
-62
(-9 - -13) + -41 + 49
12
-2 - (-11 - (236 - 252 - (-9 - 0)))
2
Evaluate 15 - (-82 + -18 + 0 + (243 - 233) + -6).
111
(11 - 36) + 31 + (-2 - 16) + -19
-31
Calculate (2 - 1) + (32 + -45 - (11 + -10)).
-13
-59 + -52 - (159 - 263)
-7
What is 1 + 48 - (370 - 341)?
20
What is -8 + (81 - 9 - 22)?
42
What is -14 + -22 + 84 + -47?
1
What is the value of 12 + -19 + -16 + 9 + 91?
77
Calculate 10 + (-30 - 7 - 15).
-42
What is the value of -66 - (-58 - -34 - 61)?
19
What is 12 - (11 - (-7 - (11 - 23 - -12)))?
-6
Calculate -11 + 7 + (-29 + 12 + 9 - (0 - 1)).
-11
Calculate 126 - (134 - 25) - 122.
-105
Calculate -25 + -1 + -110 + 189 + -21.
32
What is the value of 11 - (-11 + 27 + -31) - 3?
23
2092 + -2118 + (3 - (3 + 0 + 0))
-26
Calculate 4 + (-27 - -29 - (-3 + (-13 - -31))).
-9
(-1 - -1) + 223 + -213
10
-13 + (-12 - (-15 - -5))
-15
Calculate -7 - 59 - (-448 + 416).
-34
Evaluate -110 + 75 + 66 + -5.
26
-20 - 0 - (6 + -3) - -74
51
What is the value of 210 - 213 - (8 + -2 - (2 - -48))?
41
Calculate ((-63 - -74) + -14 + 1 - -7) + -80 - -11.
-64
What is 20 - (-14 + 18 - (-64 + -2))?
-50
Evaluate -40 + 18 + (3 + 56 - -7).
44
Evaluate 28 + 26 + (-6 - -8) - 15.
41
What is the value of (17 - 29 - (-65 + 2)) + -14 + 3?
40
-47 - -19 - (1 - -14) - (0 - -5)
-48
Calculate -128 + -240 + 355 + 0 + (0 - 0) + -75.
-88
(-5 - -3 - -6 - -5) + -2 + -46
-39
Calculate -1 + -92 + -138 + -122 + 299.
-54
-1 + (6 - (-6 - -35)) + 46 + 22
44
Calculate (-47 - -2) + 20 + 1 + -12 - 0.
-36
What is the value of (30 - (16 - (25 - 19))) + -89?
-69
(-11 - (-16 - -13)) + (-32 - -21)
-19
Calculate 246 + -245 + (11 - -93).
105
Evaluate -39 + (-15 - 3 - (332 + -363)).
-26
What is 14 - (25 - (-35 + 54))?
8
What is the value of 7 + 2 + 1 - (538 - 532)?
4
What is the value of 15 + (-52 - -87) + -42 - (-60 - (2 + -1))?
69
What is the value of -7 + (4 + -26 - -36) + 20 + -2?
25
What is 4 - -2 - (8 + (7 - (-14 + -66)))?
-89
What is -370 + 286 + 8 + -7 + -3 + 2 + -4?
-88
What is the value of -127 + 90 + 60 - -65?
88
Evaluate -38 + -28 + 122 + -42.
14
-117 + (117 - (131 + -159))
28
Evaluate (50 - 33) + (4 - ((-6 - -12) + -5)).
20
Evaluate -63 + (0 - (1 - (3 - -2)) - -3) - -7.
-49
Evaluate (1 - 10) + 9 + (-23 - -5) + 4.
-14
Calculate -13 + 49 + (32 + -10 - 10).
48
What is the value of -16 - (-153 - (1 + 22 + -41))?
119
(7 - 10) + 30 + 1 + 0 - (270 - 280)
38
1 + 0 + -14 - (314 + -208 - 63)
-56
Evaluate -2 + -5 - (302 - 272).
-37
Calculate -155 + 145 + 6 + 26.
22
(3 - (1 + -6 + -9 + 7)) + -10
0
-26 + 9 - 52 - -41
-28
What is the value of 3 + (-1 - 3 - (12 + 10 - 72)) + -4?
45
Evaluate -296 + 324 - (2 + -4 + -1 + 1).
30
What is the value of 72 - (1 + -22 + 79)?
14
What is -26 + -11 + 1 - -27 - (31 - -2)?
-42
(-11 - -4) + 2 + -7 + 18 + 3 - -86
95
What is -16 + -3 + 4 + (67 - (-39 + 87)) - 17?
-13
What is 4 - ((-103 - -85) + 1 + -5)?
26
What is the value of 13 + -7 - 10 - -10 - (-12 - -11 - -13)?
-6
Calculate 3 + (-2 + 6 - 14) - (-34 - 12) - 5.
34
What is (-1 - 3 - 0) + -7 - 